ghest common divisor of p and 30?
10
Let y = 15171 - 11397. What is the greatest common divisor of 510 and y?
102
Suppose 2*k - 171 = 5*d, k - 6*k + 475 = -3*d. What is the highest common factor of 3388 and k?
14
Let d(z) = -895*z**3 - z**2 - 3*z - 2. Let b be d(-1). Suppose -5*c = 2*t - b, 172 = -2*t - 4*c + 1062. Calculate the greatest common divisor of t and 87.
87
Let s(u) = 2*u**2 + 11*u - 15. Let k be s(5). Let w = 99 - k. Suppose 28 - w = d. Calculate the greatest common divisor of d and 95.
19
Suppose -14616 = -5770*r + 5762*r. What is the greatest common factor of r and 18?
9
Let v(b) = -10*b + 6. Let o be v(-6). Let s = -157 - -205. Suppose 52*m - 176 = s*m. Calculate the highest common divisor of m and o.
22
Let b(w) = -1 - 4 + 7*w - 4 + 1 + 13*w**2. Let g be b(3). Calculate the greatest common divisor of g and 26.
26
Let a be 44/6 - (-2)/(-6). Suppose -5*s + 20 = -5. Let w(l) = l**3 - 6*l**2 + 8*l - 8. Let n be w(s). Calculate the highest common divisor of a and n.
7
Suppose 0 = -4*t - 3*g, g + 1 = -3. Calculate the highest common factor of t and 2361.
3
Let w = -4134 + 4771. What is the greatest common factor of 98 and w?
49
Let t = 500 - 507. Let o be (104/(-56) - t)*7. Suppose s + 8 = 3*s. What is the highest common factor of o and s?
4
Let x(r) = r**3 - 48*r**2 - 40*r + 52. Suppose 42*s = 55*s - 637. Let i be x(s). What is the highest common factor of 29 and i?
29
Suppose 3*j = 0, -y = -2*y - j + 14. Suppose y*u + 69 = 4871. What is the greatest common divisor of 49 and u?
49
Let m(g) = -4*g - 57. Let n be m(-16). Let c be ((-114)/21 - -6)*n. Calculate the highest common divisor of 4 and c.
4
Let w(h) = 422*h + 3600. Let x be w(-8). What is the greatest common divisor of x and 800?
32
Suppose -66*t + 2246552 = t + 31*t. What is the highest common divisor of 44 and t?
44
Let q = 533 - -185. Let g = -514 + q. Calculate the greatest common divisor of g and 48.
12
Let f be -3 - -2 - (-3 - 0). Let a be (f - -10)*(-196)/(-6). Suppose s - 2*g - 48 = 0, -g - 2*g = 4*s - 236. What is the highest common divisor of s and a?
56
Let t(j) = j**2 - 8*j + 19. Let a be t(4). Suppose 5*b - 64 = -a*u, 10*b = 2*u + 6*b - 28. Calculate the highest common factor of u and 54.
18
Suppose -l - m = -12306, 0 = 9*l - 4*l + 3*m - 61530. Let r be l/15 - 3/((-15)/(-2)). Suppose 7*b = r + 300. Calculate the highest common factor of b and 32.
32
Let r(m) = 8*m**2 - 84*m - 440. Let v be r(-5). Calculate the greatest common divisor of 324 and v.
36
Let a(w) = -632*w + 10898. Let b be a(8). Calculate the greatest common divisor of 552 and b.
46
Let k(h) = 10*h**2 - 8*h + 54. Let i be k(-7). What is the highest common divisor of i and 540?
60
Suppose -4*v - j + 167 = 4*j, -5*j + 215 = 5*v. Let p = -60 + 90. Suppose 2*m - 3*a - p + 4 = 0, 2*a - 84 = -5*m. What is the highest common divisor of m and v?
16
Let a(d) = -d**3 + 21*d**2 + d + 15. Let v be a(21). Let q = -219 + 53. Let h be (-6)/9 + q/(-6). Calculate the greatest common divisor of h and v.
9
Suppose 4*b - 697 = -5*l, -4*b + 48*l = 43*l - 647. Let g be 6*(-7)/2*-3. Calculate the greatest common factor of b and g.
21
Let f(c) = 44*c**2 + 4*c + 5. Let i = -87 - -57. Let q be (-6)/45 + 26/i. Let y be f(q). Calculate the greatest common divisor of y and 9.
9
Suppose 4283 = 4*d - 5*j - 3737, 5*j - 4040 = -2*d. What is the highest common divisor of d and 70?
10
Let n(y) = -y**3 + 11*y**2 + 13*y + 10. Let f be n(12). Let t be 20/9 - 24/108. Let h be -3 - (0 + t*226/(-4)). Calculate the greatest common factor of h and f.
22
Let t = 5 - 25. Let g = t - -31. Let n be (5/(-20))/(3/(11*-12)). Calculate the highest common divisor of n and g.
11
Let i(a) = -3*a**2 - 68*a + 862. Let d be i(9). What is the greatest common factor of d and 7343?
7
Let b be ((-162)/39 + (-2)/(-13))*-438. Let d be (19/38)/(1/b). Calculate the highest common divisor of d and 12.
12
Suppose 0*k - 4*k = 8. Suppose 4*l - 33 - 31 = -4*g, -6 = -l - 3*g. Let i be ((-36)/l)/(k/14). Calculate the greatest common factor of 60 and i.
12
Let f(i) = 8*i**3 - 36*i**2 - 77*i - 3. Let n be f(11). What is the greatest common factor of 6 and n?
6
Let h be (3532/6)/2 - (-4)/(-12). Suppose 115*l - 122*l + h = 0. What is the highest common divisor of l and 21?
21
Suppose -55*n = -56*n + 3. Suppose 2*f = -s - 87, n*f = 2*f + 2*s - 31. Let b = 66 + f. Calculate the greatest common factor of b and 5.
5
Let z = -33 + 35. Suppose z*h - 4*a = 80, -h + 4*a = -3*h + 80. Suppose -4*n + 80 = 6*n. Calculate the highest common factor of h and n.
8
Let o be 30/2*57/(-9). Suppose 5*a - 535 = 4*z, 26*a - 26*a + 5*z = 0. Let c = a + o. What is the highest common factor of 96 and c?
12
Let x = 4279 - 3633. What is the highest common divisor of x and 38?
38
Let t(p) = p**3 - 11*p**2 - 3*p + 2. Let g be t(6). Let b = g - -218. What is the highest common divisor of b and 2?
2
Suppose 112*o = 90*o + 43186. Calculate the greatest common divisor of 13 and o.
13
Let i(c) = c**2 - 23*c + 54. Let l be i(21). Let h be 167 + -10 + 30/(-12)*-2. Calculate the highest common factor of l and h.
6
Suppose 4*b = 17 - 1. Let q(u) be the third derivative of 11*u**4/24 + 41*u**3/3 + u**2 - 56*u. Let m be q(-6). What is the greatest common divisor of b and m?
4
Let m = 137 + -97. Let p = -83251 - -83267. Calculate the highest common divisor of p and m.
8
Suppose y = 4*p + 3, 0*y + 2*p = y - 5. Let l(v) = 2*v**2 + 23*v + 84. Let t be l(-7). Let f be (-2 - 9/(-3))*t. What is the greatest common factor of y and f?
7
Let y = -2382 + 2468. Suppose -8 = -2*b, 2*b + 436 - 143 = q. What is the highest common factor of q and y?
43
Let r(f) be the second derivative of -25*f + 1/2*f**2 + 1/2*f**5 - 1/3*f**3 + 0 + 1/12*f**4. Let y be r(2). Calculate the greatest common factor of 27 and y.
27
Suppose 0 = -19*q - 21*q + 6657 + 903. Calculate the greatest common factor of q and 3699.
27
Let g(n) = -13*n - 14. Let o be g(-7). Let x be (-228)/(-57) - ((-6)/3 - 8). What is the highest common factor of o and x?
7
Let c = -103 - -152. Let p(z) = 399*z + 8477. Let q be p(-21). What is the highest common factor of q and c?
49
Suppose 3*s = -3*a + 654, 4*s + a - 449 = 423. Let p = s - 118. Let f = 31 + -11. Calculate the highest common factor of f and p.
20
Let x = -191 - -343. Suppose -3*d + 46 + x = 0. Let u = -45 + d. What is the greatest common factor of 7 and u?
7
Let b(j) = j**3 + 3*j**2 + 14*j + 22. Let d be b(9). Calculate the greatest common divisor of d and 1890.
70
Let a be (2/(-2))/(29/(-667)). Suppose 3*v = 5*v + 2. Let u be (1 + 22)*(-4)/v. Calculate the greatest common factor of u and a.
23
Suppose -269*w = -270*w + 2859. Calculate the greatest common factor of 3 and w.
3
Let d = 5308 + -5292. Calculate the greatest common factor of 376 and d.
8
Suppose -4*z - 41 - 123 = 4*s, 4 = s. Let v = -10 - z. Let l(j) = 15*j - 8. Let i be l(1). What is the greatest common divisor of v and i?
7
Let c(g) = -3*g**3 + 2*g**2 - 3*g - 4. Let n be c(-1). Suppose -n*d = -8*d - 20, 5*f - d = 15. What is the highest common factor of f and 17?
1
Suppose -2*w - 3*n + 48 = 0, -5*w + 55*n - 51*n + 74 = 0. What is the greatest common divisor of 114 and w?
6
Let n(g) = g**3 + 38*g**2 + 40*g + 117. Let j be n(-37). What is the highest common factor of j and 982?
2
Suppose -4*k + 3 = -k. Let g(v) = 7*v**2 - v + 2. Let w be g(1). Suppose -p + w - k = 0. What is the highest common factor of p and 56?
7
Let u = -21 - -26. Suppose -c - c + 14 = u*z, c - 3*z = -4. Suppose -4*i = c*r - 254, -2*i + 5*r + 197 = i. What is the greatest common factor of i and 8?
8
Suppose 2*p + 3*s = 648, 963 + 35 = 3*p - 2*s. What is the greatest common factor of 495 and p?
165
Suppose -36 = -21*q + 762. Let s = q - -10. What is the highest common divisor of 12 and s?
12
Let u be -7 + 4 + 6 + 0/(-2). Suppose u*z + 5*w - 442 = 298, 5*z = 5*w + 1180. Calculate the greatest common factor of 15 and z.
15
Let i = 17581 - 17579. Suppose 3*r = 4*n - 389, -2*r = -2 - 0. What is the highest common divisor of n and i?
2
Let a = 10859 - 10698. Calculate the highest common divisor of a and 782.
23
Let v be (3/9)/((-4)/(-60)). Suppose r + v*r = 810. Suppose r = 8*p - 33. Calculate the highest common factor of p and 7.
7
Let r be (-2)/(-4) - 23/(-2). Let w be 104/156 +